{"id":7221,"date":"2015-01-18T10:08:23","date_gmt":"2015-01-18T10:08:23","guid":{"rendered":"https:\/\/stephantroesch.ch\/?page_id=7221"},"modified":"2024-12-05T18:12:35","modified_gmt":"2024-12-05T18:12:35","slug":"7221-2","status":"publish","type":"page","link":"https:\/\/stephantroesch.ch\/index.php\/blog\/shorebirder\/7221-2\/","title":{"rendered":"Amerikanische Krickente am Bodensee (bei Arbon-Steinach)"},"content":{"rendered":"<div class=\"wpb-content-wrapper\"><p>[vc_row][vc_column][vc_single_image image=&#187;7222&#8243; img_size=&#187;full&#187; add_caption=&#187;yes&#187; css=&#187;&#187;][vc_column_text css=&#187;&#187;]<\/p>\n<h1 class=\"entry-title\">Amerikanische Krickente am Bodensee (bei Arbon-Steinach)<\/h1>\n<h2>2. Nachweis f\u00fcr die Schweiz<\/h2>\n<p>[\/vc_column_text][vc_column_text css=&#187;&#187;]Heute Sonntag, 18.01.2015, fanden am Bodensee die internationalen Wasservogelz\u00e4hlungen statt. Zu meiner bisherigen Z\u00e4hlstrecke am Schweizer Obersee (M\u00fcnsterlingen-Uttwil, \u201eSeetaucherstrecke\u201c) habe ich seit Ende letzten Jahres noch die Anschlussstrecke Uttwil bis Romanshorn \u00fcbernommen. Am Vormittag wehte ein leichter Nordostwind (Bise), der mittlere Wellen erzeugte. Die Sicht war ab etwa 1,5km Distanz nicht mehr gut. Aus diesem Grund waren die Ergebnisse beim\u00a0<strong>Haubentaucher<\/strong>\u00a0mit 375 Ind. und\u00a0<strong>Prachttaucher<\/strong>\u00a0mit 22 Ind. tief. Bei letzterer Art wurden zwei Tage zuvor 55 Ind. erfasst. Bei Uttwil konnten in gr\u00f6sserer Entfernung mind.\u00a0<strong>12 Samtenten<\/strong>\u00a0ausgemacht werden. Meeresenten zeigten sich in diesem Winter bisher sehr sparsam. Hier zudem die \u201eobligate\u201c adulte\u00a0<strong>Heringsm\u00f6we<\/strong>\u00a0sowie eine schwach gelbf\u00fcssige adulte\u00a0<strong>Silberm\u00f6we<\/strong>, die wahrscheinlich nicht zur ssp. \u201eomissus\u201c zugeordnet werden kann. Bei Romanshorn am Rande eines gr\u00f6sseren\u00a0<strong>Schwarzhalstauchertrupps<\/strong>\u00a0(ca. 120 Ind.) waren sehr sch\u00f6n\u00a0<strong>2 Ohrentaucher<\/strong>\u00a0zu sehen und im Hafenbecken bzw. bei der Werft \u2013 neben einem\u00a0<strong>Flussuferl\u00e4ufer<\/strong>\u00a0\u2013 mehrere\u00a0<strong>Steppenm\u00f6wen<\/strong>.<\/p>\n<p>Unterwegs traf ich die Schweizer Ornithologen Manuel Schweizer und Paul Walser, denen ich dann an weiteren Beobachtungsorten nochmals begegnete. In Steinach beobachteten wir gemeinsam Grossm\u00f6wen (u.a. 4 Silberm\u00f6wen und mind. 20 Steppenm\u00f6wen) als Manuel pl\u00f6tzlich eine\u00a0<strong>Amerikanische Krickente<\/strong>\u00a0(Green-winged Teal \/<em>Anas carolinensis<\/em>) entdeckte. Das war eine grosse \u00dcberraschung! Das M\u00e4nnchen im 2.KJ ruhte neben einigen\u00a0<strong>Krickenten<\/strong>\u00a0am Schlickrand rechts der Aachm\u00fcndung und konnte aus der N\u00e4he beobachtet werden. Sie war unberingt. Es ist gut m\u00f6glich, dass sich dieser sehr seltene Gast noch einige Zeit hier aufhalten wird.<\/p>\n<p>Offenbar gab es heute, gem\u00e4ss einer Meldung in\u00a0<a href=\"http:\/\/www.ornitho.de\/\" rel=\"nofollow\">http:\/\/www.ornitho.de<\/a>, auch eine Beobachtung dieser Art an der Donau (Auengew\u00e4sser, Riedlingen). F\u00fcr die Schweiz ist dies der 2. Nachweis nach der Erstbeobachtung von 2000.<\/p>\n<p>Im \u201eDer Ornithologische Beobachter\u201c 2016|113|61 erschien ein ausf\u00fchrlicher Bericht \u00fcber diese Entdeckung (Schweizer M. et al., 2016). Download nachstehend.[\/vc_column_text][\/vc_column][\/vc_row][vc_row][vc_column][vc_single_image image=&#187;7223&#8243; img_size=&#187;full&#187; add_caption=&#187;yes&#187; css=&#187;&#187;][\/vc_column][\/vc_row]<\/p>\n<\/div>","protected":false},"excerpt":{"rendered":"<p>[vc_row][vc_column][vc_single_image image=&#187;7222&#8243; img_size=&#187;full&#187; add_caption=&#187;yes&#187; css=&#187;&#187;][vc_column_text css=&#187;&#187;] Amerikanische Krickente am Bodensee (bei Arbon-Steinach) 2. Nachweis f\u00fcr die Schweiz [\/vc_column_text][vc_column_text css=&#187;&#187;]Heute Sonntag, 18.01.2015, fanden am Bodensee die internationalen Wasservogelz\u00e4hlungen statt. Zu meiner bisherigen Z\u00e4hlstrecke am Schweizer Obersee (M\u00fcnsterlingen-Uttwil, \u201eSeetaucherstrecke\u201c) habe ich seit Ende letzten Jahres noch die Anschlussstrecke Uttwil bis Romanshorn \u00fcbernommen. Am Vormittag wehte ein leichter&hellip;<\/p>\n","protected":false},"author":1,"featured_media":7234,"parent":7176,"menu_order":0,"comment_status":"closed","ping_status":"closed","template":"","meta":{"_acf_changed":false,"footnotes":""},"class_list":["post-7221","page","type-page","status-publish","has-post-thumbnail","hentry"],"acf":[],"_links":{"self":[{"href":"https:\/\/stephantroesch.ch\/index.php\/wp-json\/wp\/v2\/pages\/7221","targetHints":{"allow":["GET"]}}],"collection":[{"href":"https:\/\/stephantroesch.ch\/index.php\/wp-json\/wp\/v2\/pages"}],"about":[{"href":"https:\/\/stephantroesch.ch\/index.php\/wp-json\/wp\/v2\/types\/page"}],"author":[{"embeddable":true,"href":"https:\/\/stephantroesch.ch\/index.php\/wp-json\/wp\/v2\/users\/1"}],"replies":[{"embeddable":true,"href":"https:\/\/stephantroesch.ch\/index.php\/wp-json\/wp\/v2\/comments?post=7221"}],"version-history":[{"count":7,"href":"https:\/\/stephantroesch.ch\/index.php\/wp-json\/wp\/v2\/pages\/7221\/revisions"}],"predecessor-version":[{"id":7294,"href":"https:\/\/stephantroesch.ch\/index.php\/wp-json\/wp\/v2\/pages\/7221\/revisions\/7294"}],"up":[{"embeddable":true,"href":"https:\/\/stephantroesch.ch\/index.php\/wp-json\/wp\/v2\/pages\/7176"}],"wp:featuredmedia":[{"embeddable":true,"href":"https:\/\/stephantroesch.ch\/index.php\/wp-json\/wp\/v2\/media\/7234"}],"wp:attachment":[{"href":"https:\/\/stephantroesch.ch\/index.php\/wp-json\/wp\/v2\/media?parent=7221"}],"curies":[{"name":"wp","href":"https:\/\/api.w.org\/{rel}","templated":true}]}}

<div class="wpb-content-wrapper"><p>[vc_row][vc_column][vc_single_image image=&#187;7222&#8243; img_size=&#187;full&#187; add_caption=&#187;yes&#187; css=&#187;&#187;][vc_column_text css=&#187;&#187;]</p>
<h1 class="entry-title">Amerikanische Krickente am Bodensee (bei Arbon-Steinach)</h1>
<h2>2. Nachweis für die Schweiz</h2>
<p>[/vc_column_text][vc_column_text css=&#187;&#187;]Heute Sonntag, 18.01.2015, fanden am Bodensee die internationalen Wasservogelzählungen statt. Zu meiner bisherigen Zählstrecke am Schweizer Obersee (Münsterlingen-Uttwil, „Seetaucherstrecke“) habe ich seit Ende letzten Jahres noch die Anschlussstrecke Uttwil bis Romanshorn übernommen. Am Vormittag wehte ein leichter Nordostwind (Bise), der mittlere Wellen erzeugte. Die Sicht war ab etwa 1,5km Distanz nicht mehr gut. Aus diesem Grund waren die Ergebnisse beim <strong>Haubentaucher</strong> mit 375 Ind. und <strong>Prachttaucher</strong> mit 22 Ind. tief. Bei letzterer Art wurden zwei Tage zuvor 55 Ind. erfasst. Bei Uttwil konnten in grösserer Entfernung mind. <strong>12 Samtenten</strong> ausgemacht werden. Meeresenten zeigten sich in diesem Winter bisher sehr sparsam. Hier zudem die „obligate“ adulte <strong>Heringsmöwe</strong> sowie eine schwach gelbfüssige adulte <strong>Silbermöwe</strong>, die wahrscheinlich nicht zur ssp. „omissus“ zugeordnet werden kann. Bei Romanshorn am Rande eines grösseren <strong>Schwarzhalstauchertrupps</strong> (ca. 120 Ind.) waren sehr schön <strong>2 Ohrentaucher</strong> zu sehen und im Hafenbecken bzw. bei der Werft – neben einem <strong>Flussuferläufer</strong> – mehrere <strong>Steppenmöwen</strong>.</p>
<p>Unterwegs traf ich die Schweizer Ornithologen Manuel Schweizer und Paul Walser, denen ich dann an weiteren Beobachtungsorten nochmals begegnete. In Steinach beobachteten wir gemeinsam Grossmöwen (u.a. 4 Silbermöwen und mind. 20 Steppenmöwen) als Manuel plötzlich eine <strong>Amerikanische Krickente</strong> (Green-winged Teal /<em>Anas carolinensis</em>) entdeckte. Das war eine grosse Überraschung! Das Männchen im 2.KJ ruhte neben einigen <strong>Krickenten</strong> am Schlickrand rechts der Aachmündung und konnte aus der Nähe beobachtet werden. Sie war unberingt. Es ist gut möglich, dass sich dieser sehr seltene Gast noch einige Zeit hier aufhalten wird.</p>
<p>Offenbar gab es heute, gemäss einer Meldung in <a href="http://www.ornitho.de/" rel="nofollow">http://www.ornitho.de</a>, auch eine Beobachtung dieser Art an der Donau (Auengewässer, Riedlingen). Für die Schweiz ist dies der 2. Nachweis nach der Erstbeobachtung von 2000.</p>
<p>Im „Der Ornithologische Beobachter“ 2016|113|61 erschien ein ausführlicher Bericht über diese Entdeckung (Schweizer M. et al., 2016). Download nachstehend.[/vc_column_text][/vc_column][/vc_row][vc_row][vc_column][vc_single_image image=&#187;7223&#8243; img_size=&#187;full&#187; add_caption=&#187;yes&#187; css=&#187;&#187;][/vc_column][/vc_row]</p>
</div>

<p>[vc_row][vc_column][vc_single_image image=&#187;7222&#8243; img_size=&#187;full&#187; add_caption=&#187;yes&#187; css=&#187;&#187;][vc_column_text css=&#187;&#187;] Amerikanische Krickente am Bodensee (bei Arbon-Steinach) 2. Nachweis für die Schweiz [/vc_column_text][vc_column_text css=&#187;&#187;]Heute Sonntag, 18.01.2015, fanden am Bodensee die internationalen Wasservogelzählungen statt. Zu meiner bisherigen Zählstrecke am Schweizer Obersee (Münsterlingen-Uttwil, „Seetaucherstrecke“) habe ich seit Ende letzten Jahres noch die Anschlussstrecke Uttwil bis Romanshorn übernommen. Am Vormittag wehte ein leichter&hellip;</p>
