{"id":7706,"date":"2025-12-05T13:29:24","date_gmt":"2025-12-05T13:29:24","guid":{"rendered":"https:\/\/stephantroesch.ch\/?page_id=7706"},"modified":"2025-12-11T08:09:14","modified_gmt":"2025-12-11T08:09:14","slug":"schwarzkopfmoewe","status":"publish","type":"page","link":"https:\/\/stephantroesch.ch\/index.php\/swissgulls\/schwarzkopfmoewe\/","title":{"rendered":"Schwarzkopfm\u00f6we"},"content":{"rendered":"<div class=\"wpb-content-wrapper\"><p>[vc_row][vc_column][vc_column_text css=&#187;&#187;]<\/p>\n<pre><strong>M\u00f6wenarten<\/strong>: \u2192 <a href=\"https:\/\/stephantroesch.ch\/index.php\/swissgulls\/lachmoewe\/\">Lachm\u00f6we<\/a> \u2192 <a href=\"https:\/\/stephantroesch.ch\/index.php\/swissgulls\/sturmmoewe\/\">Sturmm\u00f6we<\/a> \u2192 Schwarzkopfm\u00f6we \u2192 <a href=\"https:\/\/stephantroesch.ch\/index.php\/swissgulls\/mittelmeermoewe\/\">Mittelmeerm\u00f6we<\/a> \u2192 <a href=\"https:\/\/stephantroesch.ch\/index.php\/swissgulls\/steppenmoewe\/\">Steppenm\u00f6we<\/a> \u2192 <a href=\"https:\/\/stephantroesch.ch\/index.php\/swissgulls\/silbermoewe\/\">Silberm\u00f6we<\/a> \u2192 Heringsm\u00f6we\r\n<strong>Bestimmungshilfen:<\/strong> \u2192 <a href=\"https:\/\/stephantroesch.ch\/index.php\/swissgulls\/topografie-gefieder-einer-grossmoewe\/\">Gefieder-Topografie einer Grossm\u00f6we<\/a> | Die Mauser der M\u00f6wen<\/pre>\n<p>[\/vc_column_text][\/vc_column][\/vc_row][vc_row][vc_column width=&#187;1\/2&#8243;][vc_column_text css=&#187;&#187;]<\/p>\n<h2><strong>Schwarzkopfm\u00f6we<\/strong> Larus melanocephalus | Mediterranean Gull<\/h2>\n<h3 class=\"wp-block-heading\">Status und Ph\u00e4nologie Schweiz<\/h3>\n<ul>\n<li>Unregelm\u00e4ssiger Brutvogel<\/li>\n<li>regelm\u00e4ssiger, seltener Durchz\u00fcgler<\/li>\n<li>unregelm\u00e4ssiger Wintergast<\/li>\n<\/ul>\n<p><strong>Herbstzug<\/strong>: Beginnt im Juli. Die Altv\u00f6gel erscheinen vor den Jungv\u00f6geln. Das Maximum des Herbstzuges wird zwischen Mitte August und Anfang September erreicht. Der Zug klingt bis Anfang November aus, mit Nachz\u00fcgler bis Dezember. \u00dcberwinterungen und l\u00e4ngere Winteraufenthalte sind unregelm\u00e4ssig. Am Genfersee gab es \u00dcberwinterungen 1986\/87 (Bouveret VS) und 2002\/03 (Morges VD) und am Bodensee 1995\/96 (Lindau) sowie 1997\/98 (Lindau). Am Klingnauer Stausee \u00fcberwinterte 1971\/72 ein Jungvogel.<\/p>\n<p><strong>Fr\u00fchjahrszug:<\/strong>\u00a0Beginnt Anfang M\u00e4rz mit Maximum in der zweiten Aprilh\u00e4lfte. Klingt im Mai aus und endet im Juni. Bis Mitte der 1980er Jahre \u00fcberwog der Herbstzug. Im Zuge des Entstehens von neuen Brutvorkommen in Europa hat sich Zugverh\u00e4ltnis seither auf das Fr\u00fchjahr verschoben.<\/p>\n<p>Angaben aus MAUMARY et al. (2007) und (KNAUS et al.(2018).[\/vc_column_text][\/vc_column][vc_column width=&#187;1\/2&#8243;][vc_single_image image=&#187;7789&#8243; img_size=&#187;full&#187; add_caption=&#187;yes&#187; onclick=&#187;link_image&#187; css=&#187;&#187;][\/vc_column][vc_column][vc_message message_box_style=&#187;solid-icon&#187; message_box_color=&#187;grey&#187; icon_fontawesome=&#187;fa fa-solid fa-binoculars&#187; css=&#187;&#187;]<\/p>\n<h3>Feldkennzeichen<\/h3>\n<p><strong>3 Alterskleider\u00a0<\/strong>| Leicht gr\u00f6sser als \u2192\u00a0<a href=\"https:\/\/stephantroesch.ch\/index.php\/swissgulls\/lachmoewe\/\">Lachm\u00f6we<\/a>, mit kr\u00e4ftigerem, dickem Schnabel und breiteren, weniger spitzen Fl\u00fcgeln sowie l\u00e4ngeren Beinen. | Fliegt mit schnelleren und steiferen Fl\u00fcgelschl\u00e4gen als \u2192 <a href=\"https:\/\/stephantroesch.ch\/index.php\/swissgulls\/sturmmoewe-2\/\">Sturmm\u00f6we<\/a>[\/vc_message][\/vc_column][\/vc_row][vc_row][vc_column width=&#187;1\/3&#8243;][vc_single_image image=&#187;7788&#8243; img_size=&#187;full&#187; add_caption=&#187;yes&#187; onclick=&#187;link_image&#187; css=&#187;&#187;][\/vc_column][vc_column width=&#187;1\/3&#8243;][\/vc_column][vc_column width=&#187;1\/3&#8243;][vc_column_text css=&#187;&#187;]<\/p>\n<h3 id=\"schwarzkopfmowe-adult\" class=\"wp-block-heading\">Schwarzkopfm\u00f6we\u00a0<strong>adult<\/strong><\/h3>\n<ul class=\"wp-block-list\">\n<li>Unverwechselbar mit ganz weissen Schwungfedern<\/li>\n<li>Sehr helle, graue Oberseite<\/li>\n<li>Roter Schnabel, mit gelber Spitze<\/li>\n<li>Rote Beine<\/li>\n<li>Schwarze Kapuze wird im Winter durch eine Art \u201eMaske\u201c ersetzt.<\/li>\n<li>Schwanz rein weiss ohne Endbinde<\/li>\n<\/ul>\n<p>[\/vc_column_text][vc_message message_box_color=&#187;chino&#187; css=&#187;&#187;]Die Schwarzkopfm\u00f6we hat im Prachtkleid eine tiefschwarze Kapuze, die wie \u00fcber den Kopf gest\u00fclpt wirkt. Der Rand geht bis zum Hals und nicht wie bei der braunen Kappe der \u2192 <a href=\"https:\/\/stephantroesch.ch\/index.php\/swissgulls\/lachmoewe\/\"><strong>Lachm\u00f6we<\/strong><\/a> bis zum Hinterkopf.[\/vc_message][\/vc_column][vc_column][vc_separator css=&#187;&#187;][\/vc_column][\/vc_row][vc_row][vc_column width=&#187;1\/3&#8243;][vc_single_image image=&#187;7955&#8243; img_size=&#187;full&#187; add_caption=&#187;yes&#187; onclick=&#187;link_image&#187; css=&#187;&#187;][\/vc_column][vc_column width=&#187;1\/3&#8243;][\/vc_column][vc_column width=&#187;1\/3&#8243;][vc_column_text css=&#187;&#187;]<\/p>\n<h3 id=\"schwarzkopfmowe-2-winterkleid-und2-sommerkleid\" class=\"wp-block-heading\">Schwarzkopfm\u00f6we\u00a0<strong>2. Winterkleid und<\/strong><br \/>\n<strong>2. Sommerkleid<\/strong><\/h3>\n<ul class=\"wp-block-list\">\n<li>Stehender Vogel kann auf \u201edie Schnelle\u201c mit einer adulten Lachm\u00f6we im Schlichtkleid verwechselt werden \u2014 vergleiche dazu aber der anders gef\u00e4rbte Schnabel.<\/li>\n<li>Auf einen Blick: \u201eWeisse M\u00f6we\u201c mit schwarzem Kopf.<\/li>\n<li>In der\u00a0<strong>Fl\u00fcgelspitze\u00a0<\/strong>ist stets ein variabel ausgedehntes Schwarz zu sehen.<\/li>\n<\/ul>\n<p>[\/vc_column_text][\/vc_column][vc_column][vc_separator css=&#187;&#187;][\/vc_column][\/vc_row][vc_row][vc_column width=&#187;1\/3&#8243;][\/vc_column][vc_column width=&#187;1\/3&#8243;][vc_single_image image=&#187;7780&#8243; img_size=&#187;full&#187; add_caption=&#187;yes&#187; onclick=&#187;link_image&#187; css=&#187;&#187;][\/vc_column][vc_column width=&#187;1\/3&#8243;][vc_column_text css=&#187;&#187;]<\/p>\n<h3 id=\"schwarzkopfmowe-1-winterkleid\" class=\"wp-block-heading\">Schwarzkopfm\u00f6we\u00a0<strong>1. Winterkleid \/ 1. Sommerkleid<\/strong><\/h3>\n<ul id=\"block-adc47be4-25b8-452c-bb0a-44c8ed2a2121\" class=\"wp-block-list\">\n<li><strong>Ab September<\/strong>\u00a0Oberseite heller grau, Schwanzendbinde etwas schmaler<\/li>\n<li>Dunkle \u201eKopfmaske\u201c (ab November)<\/li>\n<li>Unterseite weiss<\/li>\n<li><strong>1. Sommerkleid<\/strong>\u00a0fast identisch mit 1. Winterkleid<\/li>\n<li>Kapuze oft partiell vorhanden<\/li>\n<li>Beine dunkel<\/li>\n<\/ul>\n<p>[\/vc_column_text][\/vc_column][vc_column][vc_separator css=&#187;&#187;][\/vc_column][\/vc_row][vc_row][vc_column width=&#187;1\/3&#8243;][vc_single_image image=&#187;7962&#8243; img_size=&#187;full&#187; add_caption=&#187;yes&#187; onclick=&#187;link_image&#187; css=&#187;&#187;][vc_single_image image=&#187;7972&#8243; img_size=&#187;full&#187; add_caption=&#187;yes&#187; onclick=&#187;link_image&#187; css=&#187;&#187;][\/vc_column][vc_column width=&#187;1\/3&#8243;][vc_single_image image=&#187;7785&#8243; img_size=&#187;full&#187; add_caption=&#187;yes&#187; onclick=&#187;link_image&#187; css=&#187;&#187;][vc_single_image image=&#187;7783&#8243; img_size=&#187;full&#187; add_caption=&#187;yes&#187; onclick=&#187;link_image&#187; css=&#187;&#187;][\/vc_column][vc_column width=&#187;1\/3&#8243;][vc_column_text css=&#187;&#187;]<\/p>\n<h3 id=\"schwarzkopfmowe-juvenil-jugendkleid\" class=\"wp-block-heading\">Schwarzkopfm\u00f6we\u00a0<strong>juvenil \/ Jugendkleid<\/strong><\/h3>\n<ul class=\"wp-block-list\">\n<li>Sehr \u00e4hnlich Sturmm\u00f6we, aber Unterfl\u00fcgeldecken ganz weiss und Schwanzendbinde bei der Schwarzkopfm\u00f6we schmaler.<\/li>\n<li>Schnabel dunkel mit r\u00f6tlicher Basis oder ganz schwarz<\/li>\n<li>Beine dunkel<\/li>\n<\/ul>\n<p>[\/vc_column_text][\/vc_column][\/vc_row][vc_row][vc_column][vc_column_text css=&#187;&#187;]<\/p>\n<pre>Teste Deine M\u00f6wenkenntnisse: \u2192 <a href=\"https:\/\/stephantroesch.ch\/index.php\/swissgulls\/test-und-uebungen-moewenbestimmung\/\">Test und \u00dcbungen M\u00f6wenkenntnisse<\/a><\/pre>\n<p>[\/vc_column_text][\/vc_column][\/vc_row]<\/p>\n<\/div>","protected":false},"excerpt":{"rendered":"<p>[vc_row][vc_column][vc_column_text css=&#187;&#187;] M\u00f6wenarten: \u2192 Lachm\u00f6we \u2192 Sturmm\u00f6we \u2192 Schwarzkopfm\u00f6we \u2192 Mittelmeerm\u00f6we \u2192 Steppenm\u00f6we \u2192 Silberm\u00f6we \u2192 Heringsm\u00f6we Bestimmungshilfen: \u2192 Gefieder-Topografie einer Grossm\u00f6we | Die Mauser der M\u00f6wen [\/vc_column_text][\/vc_column][\/vc_row][vc_row][vc_column width=&#187;1\/2&#8243;][vc_column_text css=&#187;&#187;] Schwarzkopfm\u00f6we Larus melanocephalus | Mediterranean Gull Status und Ph\u00e4nologie Schweiz Unregelm\u00e4ssiger Brutvogel regelm\u00e4ssiger, seltener Durchz\u00fcgler unregelm\u00e4ssiger Wintergast Herbstzug: Beginnt im Juli. Die Altv\u00f6gel erscheinen vor&hellip;<\/p>\n","protected":false},"author":1,"featured_media":7788,"parent":7412,"menu_order":0,"comment_status":"closed","ping_status":"closed","template":"","meta":{"_acf_changed":false,"footnotes":""},"class_list":["post-7706","page","type-page","status-publish","has-post-thumbnail","hentry"],"acf":[],"_links":{"self":[{"href":"https:\/\/stephantroesch.ch\/index.php\/wp-json\/wp\/v2\/pages\/7706","targetHints":{"allow":["GET"]}}],"collection":[{"href":"https:\/\/stephantroesch.ch\/index.php\/wp-json\/wp\/v2\/pages"}],"about":[{"href":"https:\/\/stephantroesch.ch\/index.php\/wp-json\/wp\/v2\/types\/page"}],"author":[{"embeddable":true,"href":"https:\/\/stephantroesch.ch\/index.php\/wp-json\/wp\/v2\/users\/1"}],"replies":[{"embeddable":true,"href":"https:\/\/stephantroesch.ch\/index.php\/wp-json\/wp\/v2\/comments?post=7706"}],"version-history":[{"count":24,"href":"https:\/\/stephantroesch.ch\/index.php\/wp-json\/wp\/v2\/pages\/7706\/revisions"}],"predecessor-version":[{"id":8204,"href":"https:\/\/stephantroesch.ch\/index.php\/wp-json\/wp\/v2\/pages\/7706\/revisions\/8204"}],"up":[{"embeddable":true,"href":"https:\/\/stephantroesch.ch\/index.php\/wp-json\/wp\/v2\/pages\/7412"}],"wp:featuredmedia":[{"embeddable":true,"href":"https:\/\/stephantroesch.ch\/index.php\/wp-json\/wp\/v2\/media\/7788"}],"wp:attachment":[{"href":"https:\/\/stephantroesch.ch\/index.php\/wp-json\/wp\/v2\/media?parent=7706"}],"curies":[{"name":"wp","href":"https:\/\/api.w.org\/{rel}","templated":true}]}}

Schwarzkopfmöwe

<div class="wpb-content-wrapper"><p>[vc_row][vc_column][vc_column_text css=&#187;&#187;]</p>
<pre><strong>Möwenarten</strong>: → <a href="https://stephantroesch.ch/index.php/swissgulls/lachmoewe/">Lachmöwe</a> → <a href="https://stephantroesch.ch/index.php/swissgulls/sturmmoewe/">Sturmmöwe</a> → Schwarzkopfmöwe → <a href="https://stephantroesch.ch/index.php/swissgulls/mittelmeermoewe/">Mittelmeermöwe</a> → <a href="https://stephantroesch.ch/index.php/swissgulls/steppenmoewe/">Steppenmöwe</a> → <a href="https://stephantroesch.ch/index.php/swissgulls/silbermoewe/">Silbermöwe</a> → Heringsmöwe
<strong>Bestimmungshilfen:</strong> → <a href="https://stephantroesch.ch/index.php/swissgulls/topografie-gefieder-einer-grossmoewe/">Gefieder-Topografie einer Grossmöwe</a> | Die Mauser der Möwen</pre>
<p>[/vc_column_text][/vc_column][/vc_row][vc_row][vc_column width=&#187;1/2&#8243;][vc_column_text css=&#187;&#187;]</p>
<h2><strong>Schwarzkopfmöwe</strong> Larus melanocephalus | Mediterranean Gull</h2>
<h3 class="wp-block-heading">Status und Phänologie Schweiz</h3>
<ul>
<li>Unregelmässiger Brutvogel</li>
<li>regelmässiger, seltener Durchzügler</li>
<li>unregelmässiger Wintergast</li>
</ul>
<p><strong>Herbstzug</strong>: Beginnt im Juli. Die Altvögel erscheinen vor den Jungvögeln. Das Maximum des Herbstzuges wird zwischen Mitte August und Anfang September erreicht. Der Zug klingt bis Anfang November aus, mit Nachzügler bis Dezember. Überwinterungen und längere Winteraufenthalte sind unregelmässig. Am Genfersee gab es Überwinterungen 1986/87 (Bouveret VS) und 2002/03 (Morges VD) und am Bodensee 1995/96 (Lindau) sowie 1997/98 (Lindau). Am Klingnauer Stausee überwinterte 1971/72 ein Jungvogel.</p>
<p><strong>Frühjahrszug:</strong> Beginnt Anfang März mit Maximum in der zweiten Aprilhälfte. Klingt im Mai aus und endet im Juni. Bis Mitte der 1980er Jahre überwog der Herbstzug. Im Zuge des Entstehens von neuen Brutvorkommen in Europa hat sich Zugverhältnis seither auf das Frühjahr verschoben.</p>
<p>Angaben aus MAUMARY et al. (2007) und (KNAUS et al.(2018).[/vc_column_text][/vc_column][vc_column width=&#187;1/2&#8243;][vc_single_image image=&#187;7789&#8243; img_size=&#187;full&#187; add_caption=&#187;yes&#187; onclick=&#187;link_image&#187; css=&#187;&#187;][/vc_column][vc_column][vc_message message_box_style=&#187;solid-icon&#187; message_box_color=&#187;grey&#187; icon_fontawesome=&#187;fa fa-solid fa-binoculars&#187; css=&#187;&#187;]</p>
<h3>Feldkennzeichen</h3>
<p><strong>3 Alterskleider </strong>| Leicht grösser als → <a href="https://stephantroesch.ch/index.php/swissgulls/lachmoewe/">Lachmöwe</a>, mit kräftigerem, dickem Schnabel und breiteren, weniger spitzen Flügeln sowie längeren Beinen. | Fliegt mit schnelleren und steiferen Flügelschlägen als → <a href="https://stephantroesch.ch/index.php/swissgulls/sturmmoewe-2/">Sturmmöwe</a>[/vc_message][/vc_column][/vc_row][vc_row][vc_column width=&#187;1/3&#8243;][vc_single_image image=&#187;7788&#8243; img_size=&#187;full&#187; add_caption=&#187;yes&#187; onclick=&#187;link_image&#187; css=&#187;&#187;][/vc_column][vc_column width=&#187;1/3&#8243;][/vc_column][vc_column width=&#187;1/3&#8243;][vc_column_text css=&#187;&#187;]</p>
<h3 id="schwarzkopfmowe-adult" class="wp-block-heading">Schwarzkopfmöwe <strong>adult</strong></h3>
<ul class="wp-block-list">
<li>Unverwechselbar mit ganz weissen Schwungfedern</li>
<li>Sehr helle, graue Oberseite</li>
<li>Roter Schnabel, mit gelber Spitze</li>
<li>Rote Beine</li>
<li>Schwarze Kapuze wird im Winter durch eine Art „Maske“ ersetzt.</li>
<li>Schwanz rein weiss ohne Endbinde</li>
</ul>
<p>[/vc_column_text][vc_message message_box_color=&#187;chino&#187; css=&#187;&#187;]Die Schwarzkopfmöwe hat im Prachtkleid eine tiefschwarze Kapuze, die wie über den Kopf gestülpt wirkt. Der Rand geht bis zum Hals und nicht wie bei der braunen Kappe der → <a href="https://stephantroesch.ch/index.php/swissgulls/lachmoewe/"><strong>Lachmöwe</strong></a> bis zum Hinterkopf.[/vc_message][/vc_column][vc_column][vc_separator css=&#187;&#187;][/vc_column][/vc_row][vc_row][vc_column width=&#187;1/3&#8243;][vc_single_image image=&#187;7955&#8243; img_size=&#187;full&#187; add_caption=&#187;yes&#187; onclick=&#187;link_image&#187; css=&#187;&#187;][/vc_column][vc_column width=&#187;1/3&#8243;][/vc_column][vc_column width=&#187;1/3&#8243;][vc_column_text css=&#187;&#187;]</p>
<h3 id="schwarzkopfmowe-2-winterkleid-und2-sommerkleid" class="wp-block-heading">Schwarzkopfmöwe <strong>2. Winterkleid und</strong><br />
<strong>2. Sommerkleid</strong></h3>
<ul class="wp-block-list">
<li>Stehender Vogel kann auf „die Schnelle“ mit einer adulten Lachmöwe im Schlichtkleid verwechselt werden — vergleiche dazu aber der anders gefärbte Schnabel.</li>
<li>Auf einen Blick: „Weisse Möwe“ mit schwarzem Kopf.</li>
<li>In der <strong>Flügelspitze </strong>ist stets ein variabel ausgedehntes Schwarz zu sehen.</li>
</ul>
<p>[/vc_column_text][/vc_column][vc_column][vc_separator css=&#187;&#187;][/vc_column][/vc_row][vc_row][vc_column width=&#187;1/3&#8243;][/vc_column][vc_column width=&#187;1/3&#8243;][vc_single_image image=&#187;7780&#8243; img_size=&#187;full&#187; add_caption=&#187;yes&#187; onclick=&#187;link_image&#187; css=&#187;&#187;][/vc_column][vc_column width=&#187;1/3&#8243;][vc_column_text css=&#187;&#187;]</p>
<h3 id="schwarzkopfmowe-1-winterkleid" class="wp-block-heading">Schwarzkopfmöwe <strong>1. Winterkleid / 1. Sommerkleid</strong></h3>
<ul id="block-adc47be4-25b8-452c-bb0a-44c8ed2a2121" class="wp-block-list">
<li><strong>Ab September</strong> Oberseite heller grau, Schwanzendbinde etwas schmaler</li>
<li>Dunkle „Kopfmaske“ (ab November)</li>
<li>Unterseite weiss</li>
<li><strong>1. Sommerkleid</strong> fast identisch mit 1. Winterkleid</li>
<li>Kapuze oft partiell vorhanden</li>
<li>Beine dunkel</li>
</ul>
<p>[/vc_column_text][/vc_column][vc_column][vc_separator css=&#187;&#187;][/vc_column][/vc_row][vc_row][vc_column width=&#187;1/3&#8243;][vc_single_image image=&#187;7962&#8243; img_size=&#187;full&#187; add_caption=&#187;yes&#187; onclick=&#187;link_image&#187; css=&#187;&#187;][vc_single_image image=&#187;7972&#8243; img_size=&#187;full&#187; add_caption=&#187;yes&#187; onclick=&#187;link_image&#187; css=&#187;&#187;][/vc_column][vc_column width=&#187;1/3&#8243;][vc_single_image image=&#187;7785&#8243; img_size=&#187;full&#187; add_caption=&#187;yes&#187; onclick=&#187;link_image&#187; css=&#187;&#187;][vc_single_image image=&#187;7783&#8243; img_size=&#187;full&#187; add_caption=&#187;yes&#187; onclick=&#187;link_image&#187; css=&#187;&#187;][/vc_column][vc_column width=&#187;1/3&#8243;][vc_column_text css=&#187;&#187;]</p>
<h3 id="schwarzkopfmowe-juvenil-jugendkleid" class="wp-block-heading">Schwarzkopfmöwe <strong>juvenil / Jugendkleid</strong></h3>
<ul class="wp-block-list">
<li>Sehr ähnlich Sturmmöwe, aber Unterflügeldecken ganz weiss und Schwanzendbinde bei der Schwarzkopfmöwe schmaler.</li>
<li>Schnabel dunkel mit rötlicher Basis oder ganz schwarz</li>
<li>Beine dunkel</li>
</ul>
<p>[/vc_column_text][/vc_column][/vc_row][vc_row][vc_column][vc_column_text css=&#187;&#187;]</p>
<pre>Teste Deine Möwenkenntnisse: → <a href="https://stephantroesch.ch/index.php/swissgulls/test-und-uebungen-moewenbestimmung/">Test und Übungen Möwenkenntnisse</a></pre>
<p>[/vc_column_text][/vc_column][/vc_row]</p>
</div>

<p>[vc_row][vc_column][vc_column_text css=&#187;&#187;] Möwenarten: → Lachmöwe → Sturmmöwe → Schwarzkopfmöwe → Mittelmeermöwe → Steppenmöwe → Silbermöwe → Heringsmöwe Bestimmungshilfen: → Gefieder-Topografie einer Grossmöwe | Die Mauser der Möwen [/vc_column_text][/vc_column][/vc_row][vc_row][vc_column width=&#187;1/2&#8243;][vc_column_text css=&#187;&#187;] Schwarzkopfmöwe Larus melanocephalus | Mediterranean Gull Status und Phänologie Schweiz Unregelmässiger Brutvogel regelmässiger, seltener Durchzügler unregelmässiger Wintergast Herbstzug: Beginnt im Juli. Die Altvögel erscheinen vor&hellip;</p>
