{"id":7753,"date":"2025-11-28T09:35:53","date_gmt":"2025-11-28T09:35:53","guid":{"rendered":"https:\/\/stephantroesch.ch\/?page_id=7753"},"modified":"2025-12-11T08:12:03","modified_gmt":"2025-12-11T08:12:03","slug":"sturmmoewe-2","status":"publish","type":"page","link":"https:\/\/stephantroesch.ch\/index.php\/swissgulls\/sturmmoewe-2\/","title":{"rendered":"Sturmm\u00f6we"},"content":{"rendered":"<div class=\"wpb-content-wrapper\"><p>[vc_row][vc_column][vc_column_text css=&#187;&#187;]<\/p>\n<pre><strong>M\u00f6wenarten<\/strong>: \u2192 <a href=\"https:\/\/stephantroesch.ch\/index.php\/swissgulls\/lachmoewe\/\">Lachm\u00f6we<\/a> \u2192 Sturmm\u00f6we \u2192 <a href=\"https:\/\/stephantroesch.ch\/index.php\/swissgulls\/schwarzkopfmoewe\/\">Schwarzkopfm\u00f6we<\/a> \u2192 <a href=\"https:\/\/stephantroesch.ch\/index.php\/swissgulls\/mittelmeermoewe\/\">Mittelmeerm\u00f6we<\/a> \u2192 <a href=\"https:\/\/stephantroesch.ch\/index.php\/swissgulls\/steppenmoewe\/\">Steppenm\u00f6we<\/a> \u2192 <a href=\"https:\/\/stephantroesch.ch\/index.php\/swissgulls\/silbermoewe\/\">Silberm\u00f6we<\/a> \u2192 Heringsm\u00f6we\r\n<strong>Bestimmungshilfen:<\/strong> \u2192 <a href=\"https:\/\/stephantroesch.ch\/index.php\/swissgulls\/topografie-gefieder-einer-grossmoewe\/\">Gefieder-Topografie einer Grossm\u00f6we<\/a> | Die Mauser der M\u00f6wen<\/pre>\n<p>[\/vc_column_text][\/vc_column][\/vc_row][vc_row][vc_column width=&#187;1\/2&#8243;][vc_column_text css=&#187;&#187;]<\/p>\n<h2><strong>Sturmm\u00f6we<\/strong> Larus canus | Mew Gull<\/h2>\n<h3 class=\"wp-block-heading\">Status und Ph\u00e4nologie Schweiz<\/h3>\n<ul id=\"block-6ffe674f-02b1-41d7-81ad-c56e5582f708\" class=\"wp-block-list\">\n<li>Lokal<\/li>\n<li>regelm\u00e4ssiger, h\u00e4ufiger Durchz\u00fcgler und Wintergast<\/li>\n<li>Status Rote Liste: nicht gef\u00e4hrdet (LC)<\/li>\n<\/ul>\n<p><strong>Ph\u00e4nologie<\/strong>: folgt<\/p>\n<p>Angaben aus MAUMARY et al. (2007) und (KNAUS et al.(2018).[\/vc_column_text][\/vc_column][vc_column width=&#187;1\/2&#8243;][vc_single_image image=&#187;4651&#8243; img_size=&#187;full&#187; add_caption=&#187;yes&#187; onclick=&#187;link_image&#187; css=&#187;&#187;][\/vc_column][vc_column][vc_message message_box_style=&#187;solid-icon&#187; message_box_color=&#187;grey&#187; icon_fontawesome=&#187;fa fa-solid fa-binoculars&#187; css=&#187;&#187;]<\/p>\n<h3>Feldkennzeichen<\/h3>\n<p><strong>3 Alterskleider<\/strong>\u00a0| Gr\u00f6sser als \u2192\u00a0Lachm\u00f6we, mit kr\u00e4ftigerem Schnabel und Beinen, ohne weissen Keil im Handfl\u00fcgel (wie bei der Lachm\u00f6we und D\u00fcnnschnabelm\u00f6we) | Wird in gewissen Kleidern oft mit der viel gr\u00f6sseren \u2192 Silberm\u00f6we oder \u2192\u00a0Mittelmeerm\u00f6we verwechselt.[\/vc_message][\/vc_column][\/vc_row][vc_row][vc_column width=&#187;1\/3&#8243;][vc_single_image image=&#187;5220&#8243; img_size=&#187;full&#187; add_caption=&#187;yes&#187; onclick=&#187;link_image&#187; css=&#187;&#187;][\/vc_column][vc_column width=&#187;1\/3&#8243;][vc_single_image image=&#187;7475&#8243; img_size=&#187;full&#187; add_caption=&#187;yes&#187; onclick=&#187;link_image&#187; css=&#187;&#187;][\/vc_column][vc_column width=&#187;1\/3&#8243;][vc_column_text css=&#187;&#187;]<\/p>\n<h3 id=\"sturmmowe-adult\" class=\"wp-block-heading\">Sturmm\u00f6we\u00a0<strong>adulT<\/strong><\/h3>\n<ul class=\"wp-block-list\">\n<li><strong>Winter\/Schlichtkleid (SK)<\/strong>: Kopf grau gestrichelt, Schnabel gr\u00fcn (matt) mit schmalem dunklen Ring an der Spitze \u201eZigarrenband\u201c, Beine gr\u00fcn<\/li>\n<li>Weisse\u00a0<strong>Schirmfederspitzen\u00a0<\/strong>breit und weiss. Bei der \u2192 Ringschnabelm\u00f6we auch weiss aber schmaler!<\/li>\n<li>Weisser Spiegelfleck (Subapikalfleck) auf \u00e4usserster Handschwing markant auff\u00e4llig. Die adulte Dreizehenm\u00f6we hat eine g\u00e4nzlich schwarze Fl\u00fcgelspitze!<\/li>\n<\/ul>\n<p>[\/vc_column_text][vc_message message_box_color=&#187;chino&#187; css=&#187;&#187;]<strong>Allgemeiner Hinweis<\/strong><br \/>\nSturmm\u00f6wen und Lachm\u00f6wen sind sehr ruffreudig, v.a. wenn es zu Streitigkeiten kommt. Suche einen Ort, wo beide Arten vorkommen. Merke Dir den Unterschied, so dass Du mehr Sicherheit beim bestimmen dieser zwei Referenzarten gewinnst.[\/vc_message][\/vc_column][\/vc_row][vc_row][vc_column][vc_separator][\/vc_column][\/vc_row][vc_row][vc_column width=&#187;1\/3&#8243;][vc_single_image image=&#187;7735&#8243; img_size=&#187;full&#187; add_caption=&#187;yes&#187; onclick=&#187;link_image&#187; css=&#187;&#187;][\/vc_column][vc_column width=&#187;1\/3&#8243;][vc_single_image image=&#187;7732&#8243; img_size=&#187;full&#187; add_caption=&#187;yes&#187; onclick=&#187;link_image&#187; css=&#187;&#187;][\/vc_column][vc_column width=&#187;1\/3&#8243;][vc_column_text css=&#187;&#187;]<\/p>\n<h3>Sturmm\u00f6we <strong>adult Prachtkleid<\/strong> (PK)<\/h3>\n<p><strong>Sturmm\u00f6wen im PK<\/strong>\u00a0sind in der Schweiz selten zu sehen. Oft entstehen Aufnahmen wie diese zwei durch \u00fcberraschende Bruten oder Brutversuche.<\/p>\n<ul class=\"wp-block-list\">\n<li><strong>Sommer\/Prachtkleid (PK):<\/strong>\u00a0Kopf rein weiss, Schnabel und Beine gr\u00fcn bis gr\u00fcnlich-gelb<\/li>\n<li>Stehender Vogel im PK erinnert stark an \u2192 Dreizehenm\u00f6we, die Beine sind bei der Sturmm\u00f6we aber l\u00e4nger und heller und nicht kurz und schwarz.<\/li>\n<\/ul>\n<p>[\/vc_column_text][\/vc_column][\/vc_row][vc_row][vc_column][vc_separator][\/vc_column][\/vc_row][vc_row][vc_column width=&#187;1\/3&#8243;][vc_single_image image=&#187;7507&#8243; img_size=&#187;large&#187; add_caption=&#187;yes&#187; onclick=&#187;link_image&#187; css=&#187;&#187;][\/vc_column][vc_column width=&#187;1\/3&#8243;][vc_single_image image=&#187;7431&#8243; img_size=&#187;full&#187; add_caption=&#187;yes&#187; onclick=&#187;link_image&#187; css=&#187;&#187;][\/vc_column][vc_column width=&#187;1\/3&#8243;][vc_column_text css=&#187;&#187;]<\/p>\n<h3 id=\"sturmmowe-2-winterkleid\" class=\"wp-block-heading\">Sturmm\u00f6we\u00a0<strong>2. Winterkleid<\/strong><\/h3>\n<ul class=\"wp-block-list\">\n<li>Sieht aus wie ein adultes Individuum, aber . . .<\/li>\n<li>mit auff\u00e4lligen braun-schwarzen Markierungen in der Fl\u00fcgelspitze, und . . .<\/li>\n<li>ohne oder nur ganz kleine weiss Subapikalflecke in den \u00e4ussersten Handschwingen<\/li>\n<\/ul>\n<p>[\/vc_column_text][vc_message message_box_color=&#187;sandy_brown&#187; icon_fontawesome=&#187;fa fa-solid fa-dove&#187; css=&#187;&#187;]Eine tolle Bestimmungs- und Such\u00fcbung unter den \u00fcberwinternden M\u00f6wen ist das Aufsp\u00fcren einer Sturmm\u00f6we im 2. Winterkleid. Sie sind nicht so h\u00e4ufig. Am besten erkennt man sie im Flug![\/vc_message][\/vc_column][\/vc_row][vc_row][vc_column][vc_separator][\/vc_column][\/vc_row][vc_row][vc_column width=&#187;1\/3&#8243;][vc_single_image image=&#187;7498&#8243; img_size=&#187;full&#187; add_caption=&#187;yes&#187; onclick=&#187;link_image&#187; css=&#187;&#187;][\/vc_column][vc_column width=&#187;1\/3&#8243;][vc_single_image image=&#187;7313&#8243; img_size=&#187;full&#187; add_caption=&#187;yes&#187; onclick=&#187;link_image&#187; css=&#187;&#187;][\/vc_column][vc_column width=&#187;1\/3&#8243;][vc_column_text css=&#187;&#187;]<\/p>\n<h3 id=\"sturmmowe-juvenil-jugendkleid-und-1-winterkleid\" class=\"wp-block-heading\">Sturmm\u00f6we\u00a0<strong>juvenil \/ Jugendkleid und 1. Winterkleid<\/strong><\/h3>\n<ul class=\"wp-block-list\">\n<li>Sturmm\u00f6wen im\u00a0<strong>Jugendkleid\u00a0<\/strong>sehen zum verwechseln \u00e4hnlich wie eine Schwarzkopfm\u00f6we JK aus, sind bei uns aber selten zu sehen (Juli\/August), solche . . .<\/li>\n<li>. . . im\u00a0<strong>1. Winterkleid<\/strong>\u00a0hingegen sehr h\u00e4ufig (siehe nebenstehende Fotografien).<\/li>\n<li>In der\u00a0<strong>Jugendmauser\u00a0<\/strong>(Teilmauser) werden die Schulterfedern durch erste graue Federn ersetzt<\/li>\n<li>Kopf und K\u00f6rper dem adulten SK sehr \u00e4hnlich, . . .<\/li>\n<li>aber Fl\u00fcgel- und Steuerfedern wie JK<\/li>\n<\/ul>\n<p>[\/vc_column_text][\/vc_column][\/vc_row][vc_row][vc_column][vc_column_text css=&#187;&#187;]<\/p>\n<pre>Teste Deine M\u00f6wenkenntnisse: \u2192 <a href=\"https:\/\/stephantroesch.ch\/index.php\/swissgulls\/test-und-uebungen-moewenbestimmung\/\">Test und \u00dcbungen M\u00f6wenkenntnisse<\/a><\/pre>\n<p>[\/vc_column_text][\/vc_column][\/vc_row][vc_row][vc_column][vc_single_image image=&#187;7737&#8243; img_size=&#187;full&#187; add_caption=&#187;yes&#187; css=&#187;&#187;][\/vc_column][\/vc_row]<\/p>\n<\/div>","protected":false},"excerpt":{"rendered":"<p>[vc_row][vc_column][vc_column_text css=&#187;&#187;] M\u00f6wenarten: \u2192 Lachm\u00f6we \u2192 Sturmm\u00f6we \u2192 Schwarzkopfm\u00f6we \u2192 Mittelmeerm\u00f6we \u2192 Steppenm\u00f6we \u2192 Silberm\u00f6we \u2192 Heringsm\u00f6we Bestimmungshilfen: \u2192 Gefieder-Topografie einer Grossm\u00f6we | Die Mauser der M\u00f6wen [\/vc_column_text][\/vc_column][\/vc_row][vc_row][vc_column width=&#187;1\/2&#8243;][vc_column_text css=&#187;&#187;] Sturmm\u00f6we Larus canus | Mew Gull Status und Ph\u00e4nologie Schweiz Lokal regelm\u00e4ssiger, h\u00e4ufiger Durchz\u00fcgler und Wintergast Status Rote Liste: nicht gef\u00e4hrdet (LC) Ph\u00e4nologie: folgt Angaben&hellip;<\/p>\n","protected":false},"author":1,"featured_media":7313,"parent":7412,"menu_order":0,"comment_status":"closed","ping_status":"closed","template":"","meta":{"_acf_changed":false,"footnotes":""},"class_list":["post-7753","page","type-page","status-publish","has-post-thumbnail","hentry"],"acf":[],"_links":{"self":[{"href":"https:\/\/stephantroesch.ch\/index.php\/wp-json\/wp\/v2\/pages\/7753","targetHints":{"allow":["GET"]}}],"collection":[{"href":"https:\/\/stephantroesch.ch\/index.php\/wp-json\/wp\/v2\/pages"}],"about":[{"href":"https:\/\/stephantroesch.ch\/index.php\/wp-json\/wp\/v2\/types\/page"}],"author":[{"embeddable":true,"href":"https:\/\/stephantroesch.ch\/index.php\/wp-json\/wp\/v2\/users\/1"}],"replies":[{"embeddable":true,"href":"https:\/\/stephantroesch.ch\/index.php\/wp-json\/wp\/v2\/comments?post=7753"}],"version-history":[{"count":10,"href":"https:\/\/stephantroesch.ch\/index.php\/wp-json\/wp\/v2\/pages\/7753\/revisions"}],"predecessor-version":[{"id":7914,"href":"https:\/\/stephantroesch.ch\/index.php\/wp-json\/wp\/v2\/pages\/7753\/revisions\/7914"}],"up":[{"embeddable":true,"href":"https:\/\/stephantroesch.ch\/index.php\/wp-json\/wp\/v2\/pages\/7412"}],"wp:featuredmedia":[{"embeddable":true,"href":"https:\/\/stephantroesch.ch\/index.php\/wp-json\/wp\/v2\/media\/7313"}],"wp:attachment":[{"href":"https:\/\/stephantroesch.ch\/index.php\/wp-json\/wp\/v2\/media?parent=7753"}],"curies":[{"name":"wp","href":"https:\/\/api.w.org\/{rel}","templated":true}]}}

Sturmmöwe

<div class="wpb-content-wrapper"><p>[vc_row][vc_column][vc_column_text css=&#187;&#187;]</p>
<pre><strong>Möwenarten</strong>: → <a href="https://stephantroesch.ch/index.php/swissgulls/lachmoewe/">Lachmöwe</a> → Sturmmöwe → <a href="https://stephantroesch.ch/index.php/swissgulls/schwarzkopfmoewe/">Schwarzkopfmöwe</a> → <a href="https://stephantroesch.ch/index.php/swissgulls/mittelmeermoewe/">Mittelmeermöwe</a> → <a href="https://stephantroesch.ch/index.php/swissgulls/steppenmoewe/">Steppenmöwe</a> → <a href="https://stephantroesch.ch/index.php/swissgulls/silbermoewe/">Silbermöwe</a> → Heringsmöwe
<strong>Bestimmungshilfen:</strong> → <a href="https://stephantroesch.ch/index.php/swissgulls/topografie-gefieder-einer-grossmoewe/">Gefieder-Topografie einer Grossmöwe</a> | Die Mauser der Möwen</pre>
<p>[/vc_column_text][/vc_column][/vc_row][vc_row][vc_column width=&#187;1/2&#8243;][vc_column_text css=&#187;&#187;]</p>
<h2><strong>Sturmmöwe</strong> Larus canus | Mew Gull</h2>
<h3 class="wp-block-heading">Status und Phänologie Schweiz</h3>
<ul id="block-6ffe674f-02b1-41d7-81ad-c56e5582f708" class="wp-block-list">
<li>Lokal</li>
<li>regelmässiger, häufiger Durchzügler und Wintergast</li>
<li>Status Rote Liste: nicht gefährdet (LC)</li>
</ul>
<p><strong>Phänologie</strong>: folgt</p>
<p>Angaben aus MAUMARY et al. (2007) und (KNAUS et al.(2018).[/vc_column_text][/vc_column][vc_column width=&#187;1/2&#8243;][vc_single_image image=&#187;4651&#8243; img_size=&#187;full&#187; add_caption=&#187;yes&#187; onclick=&#187;link_image&#187; css=&#187;&#187;][/vc_column][vc_column][vc_message message_box_style=&#187;solid-icon&#187; message_box_color=&#187;grey&#187; icon_fontawesome=&#187;fa fa-solid fa-binoculars&#187; css=&#187;&#187;]</p>
<h3>Feldkennzeichen</h3>
<p><strong>3 Alterskleider</strong> | Grösser als → Lachmöwe, mit kräftigerem Schnabel und Beinen, ohne weissen Keil im Handflügel (wie bei der Lachmöwe und Dünnschnabelmöwe) | Wird in gewissen Kleidern oft mit der viel grösseren → Silbermöwe oder → Mittelmeermöwe verwechselt.[/vc_message][/vc_column][/vc_row][vc_row][vc_column width=&#187;1/3&#8243;][vc_single_image image=&#187;5220&#8243; img_size=&#187;full&#187; add_caption=&#187;yes&#187; onclick=&#187;link_image&#187; css=&#187;&#187;][/vc_column][vc_column width=&#187;1/3&#8243;][vc_single_image image=&#187;7475&#8243; img_size=&#187;full&#187; add_caption=&#187;yes&#187; onclick=&#187;link_image&#187; css=&#187;&#187;][/vc_column][vc_column width=&#187;1/3&#8243;][vc_column_text css=&#187;&#187;]</p>
<h3 id="sturmmowe-adult" class="wp-block-heading">Sturmmöwe <strong>adulT</strong></h3>
<ul class="wp-block-list">
<li><strong>Winter/Schlichtkleid (SK)</strong>: Kopf grau gestrichelt, Schnabel grün (matt) mit schmalem dunklen Ring an der Spitze „Zigarrenband“, Beine grün</li>
<li>Weisse <strong>Schirmfederspitzen </strong>breit und weiss. Bei der → Ringschnabelmöwe auch weiss aber schmaler!</li>
<li>Weisser Spiegelfleck (Subapikalfleck) auf äusserster Handschwing markant auffällig. Die adulte Dreizehenmöwe hat eine gänzlich schwarze Flügelspitze!</li>
</ul>
<p>[/vc_column_text][vc_message message_box_color=&#187;chino&#187; css=&#187;&#187;]<strong>Allgemeiner Hinweis</strong><br />
Sturmmöwen und Lachmöwen sind sehr ruffreudig, v.a. wenn es zu Streitigkeiten kommt. Suche einen Ort, wo beide Arten vorkommen. Merke Dir den Unterschied, so dass Du mehr Sicherheit beim bestimmen dieser zwei Referenzarten gewinnst.[/vc_message][/vc_column][/vc_row][vc_row][vc_column][vc_separator][/vc_column][/vc_row][vc_row][vc_column width=&#187;1/3&#8243;][vc_single_image image=&#187;7735&#8243; img_size=&#187;full&#187; add_caption=&#187;yes&#187; onclick=&#187;link_image&#187; css=&#187;&#187;][/vc_column][vc_column width=&#187;1/3&#8243;][vc_single_image image=&#187;7732&#8243; img_size=&#187;full&#187; add_caption=&#187;yes&#187; onclick=&#187;link_image&#187; css=&#187;&#187;][/vc_column][vc_column width=&#187;1/3&#8243;][vc_column_text css=&#187;&#187;]</p>
<h3>Sturmmöwe <strong>adult Prachtkleid</strong> (PK)</h3>
<p><strong>Sturmmöwen im PK</strong> sind in der Schweiz selten zu sehen. Oft entstehen Aufnahmen wie diese zwei durch überraschende Bruten oder Brutversuche.</p>
<ul class="wp-block-list">
<li><strong>Sommer/Prachtkleid (PK):</strong> Kopf rein weiss, Schnabel und Beine grün bis grünlich-gelb</li>
<li>Stehender Vogel im PK erinnert stark an → Dreizehenmöwe, die Beine sind bei der Sturmmöwe aber länger und heller und nicht kurz und schwarz.</li>
</ul>
<p>[/vc_column_text][/vc_column][/vc_row][vc_row][vc_column][vc_separator][/vc_column][/vc_row][vc_row][vc_column width=&#187;1/3&#8243;][vc_single_image image=&#187;7507&#8243; img_size=&#187;large&#187; add_caption=&#187;yes&#187; onclick=&#187;link_image&#187; css=&#187;&#187;][/vc_column][vc_column width=&#187;1/3&#8243;][vc_single_image image=&#187;7431&#8243; img_size=&#187;full&#187; add_caption=&#187;yes&#187; onclick=&#187;link_image&#187; css=&#187;&#187;][/vc_column][vc_column width=&#187;1/3&#8243;][vc_column_text css=&#187;&#187;]</p>
<h3 id="sturmmowe-2-winterkleid" class="wp-block-heading">Sturmmöwe <strong>2. Winterkleid</strong></h3>
<ul class="wp-block-list">
<li>Sieht aus wie ein adultes Individuum, aber . . .</li>
<li>mit auffälligen braun-schwarzen Markierungen in der Flügelspitze, und . . .</li>
<li>ohne oder nur ganz kleine weiss Subapikalflecke in den äussersten Handschwingen</li>
</ul>
<p>[/vc_column_text][vc_message message_box_color=&#187;sandy_brown&#187; icon_fontawesome=&#187;fa fa-solid fa-dove&#187; css=&#187;&#187;]Eine tolle Bestimmungs- und Suchübung unter den überwinternden Möwen ist das Aufspüren einer Sturmmöwe im 2. Winterkleid. Sie sind nicht so häufig. Am besten erkennt man sie im Flug![/vc_message][/vc_column][/vc_row][vc_row][vc_column][vc_separator][/vc_column][/vc_row][vc_row][vc_column width=&#187;1/3&#8243;][vc_single_image image=&#187;7498&#8243; img_size=&#187;full&#187; add_caption=&#187;yes&#187; onclick=&#187;link_image&#187; css=&#187;&#187;][/vc_column][vc_column width=&#187;1/3&#8243;][vc_single_image image=&#187;7313&#8243; img_size=&#187;full&#187; add_caption=&#187;yes&#187; onclick=&#187;link_image&#187; css=&#187;&#187;][/vc_column][vc_column width=&#187;1/3&#8243;][vc_column_text css=&#187;&#187;]</p>
<h3 id="sturmmowe-juvenil-jugendkleid-und-1-winterkleid" class="wp-block-heading">Sturmmöwe <strong>juvenil / Jugendkleid und 1. Winterkleid</strong></h3>
<ul class="wp-block-list">
<li>Sturmmöwen im <strong>Jugendkleid </strong>sehen zum verwechseln ähnlich wie eine Schwarzkopfmöwe JK aus, sind bei uns aber selten zu sehen (Juli/August), solche . . .</li>
<li>. . . im <strong>1. Winterkleid</strong> hingegen sehr häufig (siehe nebenstehende Fotografien).</li>
<li>In der <strong>Jugendmauser </strong>(Teilmauser) werden die Schulterfedern durch erste graue Federn ersetzt</li>
<li>Kopf und Körper dem adulten SK sehr ähnlich, . . .</li>
<li>aber Flügel- und Steuerfedern wie JK</li>
</ul>
<p>[/vc_column_text][/vc_column][/vc_row][vc_row][vc_column][vc_column_text css=&#187;&#187;]</p>
<pre>Teste Deine Möwenkenntnisse: → <a href="https://stephantroesch.ch/index.php/swissgulls/test-und-uebungen-moewenbestimmung/">Test und Übungen Möwenkenntnisse</a></pre>
<p>[/vc_column_text][/vc_column][/vc_row][vc_row][vc_column][vc_single_image image=&#187;7737&#8243; img_size=&#187;full&#187; add_caption=&#187;yes&#187; css=&#187;&#187;][/vc_column][/vc_row]</p>
</div>

<p>[vc_row][vc_column][vc_column_text css=&#187;&#187;] Möwenarten: → Lachmöwe → Sturmmöwe → Schwarzkopfmöwe → Mittelmeermöwe → Steppenmöwe → Silbermöwe → Heringsmöwe Bestimmungshilfen: → Gefieder-Topografie einer Grossmöwe | Die Mauser der Möwen [/vc_column_text][/vc_column][/vc_row][vc_row][vc_column width=&#187;1/2&#8243;][vc_column_text css=&#187;&#187;] Sturmmöwe Larus canus | Mew Gull Status und Phänologie Schweiz Lokal regelmässiger, häufiger Durchzügler und Wintergast Status Rote Liste: nicht gefährdet (LC) Phänologie: folgt Angaben&hellip;</p>
