{"id":8248,"date":"2026-02-08T22:51:45","date_gmt":"2026-02-08T22:51:45","guid":{"rendered":"https:\/\/stephantroesch.ch\/?page_id=8248"},"modified":"2026-02-17T10:22:00","modified_gmt":"2026-02-17T10:22:00","slug":"exkursion-mit-birdlife-thurgau-nach-steinach-und-arbon","status":"publish","type":"page","link":"https:\/\/stephantroesch.ch\/index.php\/blog\/shorebirder\/exkursion-mit-birdlife-thurgau-nach-steinach-und-arbon\/","title":{"rendered":"Exkursion mit BirdLife Thurgau nach Steinach und Arbon"},"content":{"rendered":"<div class=\"wpb-content-wrapper\"><p>[vc_row][vc_column][vc_single_image image=&#187;8260&#8243; img_size=&#187;full&#187; add_caption=&#187;yes&#187; css=&#187;&#187;][\/vc_column][\/vc_row][vc_row][vc_column][vc_column_text css=&#187;&#187;]<\/p>\n<h1>Rund 30 Personen nahmen am 08. Februar 2026 an der Exkursion von BirdLife Thurgau an den Bodensee\u00a0 teil.<\/h1>\n<h3>Mit Ohrentaucher, Rothalstaucher, f\u00fcnf M\u00f6wenarten &amp; Co. gelangen bei angenehmem Wetter spannende Beobachtungen. &#8212; Am Vormittag, vor der Exkursion, gelang im Hafen Arbon noch der Nachweis einer Silberm\u00f6we mit Merkmalen der geografischen Variation &#171;omissus&#187; aus dem Baltikum.<\/h3>\n<p><strong>Jakob Rohrer<\/strong>, Co-Pr\u00e4sident von BirdLife Thurgau, begr\u00fcsste bei der Haltestelle Steinach SG rund 30 Teilnehmerinnen und Teilnehmer zur Winterexkursion von BirdLife Thurgau an den Bodensee bei Steinach und Arbon. Als Exkursionsleiter wurde <strong>Stephan Tr\u00f6sch<\/strong> engagiert, der in den 1960er-Jahren in Arbon aufgewachsen ist und das Gebiet bestens kennt. Bei fast schon fr\u00fchlingshaftem Wetter &#8211; der Hochnebel vom Vormittag lichtete sich rechtzeitig zum Exkursionsbeginn &#8211; spazierte die Exkursionsgruppe der Steinach entlang zum Delta des kleinen Flusses. Unterwegs kamen eine Gebirgsstelze, ein Graureiher und einige Kleinvogel (u.a. Schwanzmeise, Gr\u00fcnfink, Buchfink) zur Beobachtung. Erfahrene Ornithologen wie <strong>Heiko H\u00f6rster<\/strong> und <strong>Andrej Binz<\/strong> entdeckten ausserhalb der Steinachm\u00fcndung einen <strong>Rothalstaucher<\/strong> und sp\u00e4ter in der Steinacherbucht auch einen <strong>Ohrentaucher<\/strong>. Beide V\u00f6gel halten sich schon seit geraumer Zeit in diesem Gebiet auf. Es gelingt aber nicht immer, sie zu finden.[\/vc_column_text][\/vc_column][\/vc_row][vc_row][vc_column][vc_single_image image=&#187;8256&#8243; img_size=&#187;full&#187; add_caption=&#187;yes&#187; css=&#187;&#187;][vc_single_image image=&#187;8258&#8243; img_size=&#187;full&#187; add_caption=&#187;yes&#187; css=&#187;&#187;][\/vc_column][\/vc_row][vc_row][vc_column][vc_column_text css=&#187;&#187;]Zwischen der Steinachm\u00fcndung und der Rondelle beim Weidenhof gab es Bestimmungs\u00fcbungen zu fliegenden Lach- und Sturmm\u00f6wen. Eine auf einem Ast stehende Grossm\u00f6we sollte sich als adulte <strong>Silberm\u00f6we<\/strong> erweisen: Der sehr schlanke und lange Schnabel erinnerte an eine Steppenm\u00f6we, ebenfalls die eher lang wirkenden Beine. Die Spitze der Handschwinge 10 (\u00e4usserste HS) war ganz weiss, das Auge im direkten Sonnenlicht sehr hell und ohne Pigmente. Leider \u00f6ffnete der V\u00f6gel die Fl\u00fcgel nicht, um festzustellen, ob die Spitze der HS 5 rein weiss war, was typisch f\u00fcr eine Silberm\u00f6we ist. Ferner gelangen Krickenten, Kolbenenten, Schnatterenten und ein G\u00e4nses\u00e4ger zur Beobachtung. &#8212; Der Weg f\u00fchrte weiter durch den &#171;Stoffelpark&#187; zum Weidenhof, wo die seit einiger Zeit hier anwesende m\u00e4nnliche Eiderente am Ufer stehend beobachtet werden konnte. Drei adulte Mittelmeerm\u00f6wen hielten sich unweit des Ufers auf.<\/p>\n<p>Ein kurzes Wegst\u00fcck, vorbei an Osci&#8217;s Fischbeiz f\u00fchrte zum bekannten Spielplatz in der Steinacher Bucht. Diese Stelle diente w\u00e4hrend mehr als zwei Jahrzehnten als Ausgangspunkt vieler M\u00f6wenbestimmungskurse von Stephan Tr\u00f6sch. Vor der Anlegestelle des im Jahr 2022 verstorbenen Berufsfischers Peter Klingenstein hielten sich noch bis 2022 bis zu 100 und mehr Grossm\u00f6wen auf. Sie warteten um die Mittagszeit auf Fischabf\u00e4lle. Nun ist dieser bislang beste M\u00f6wenplatz am Bodensee verwaist. Es halten sich hier nur noch wenige Grossm\u00f6wen auf, auch die Sturmm\u00f6we ist sp\u00e4rlicher geworden. Immerhin konnte noch eine <strong>Mittelmeerm\u00f6we im 2. KJ<\/strong> (1. Winter) und eine von <strong>Jonas Keller<\/strong> entdeckte <strong>Steppenm\u00f6we 2.KJ<\/strong> (1. Winter) sch\u00f6n nebeneinander beobachtet werden. &#8212; Zu erw\u00e4hnen sind noch 4 Grosse Brachv\u00f6gel, 1 Nilgans, 2 L\u00f6ffelenten, 3 Spiessenten, 1 Flussuferl\u00e4ufer sowie mind. 12 Bekassinen. Auf dem Achbr\u00fcggli verabschiedete sich die Exkursionsgruppe und beendete damit die knapp drei Stunden dauernde Exkursion.[\/vc_column_text][\/vc_column][\/vc_row][vc_row][vc_column][vc_single_image image=&#187;8269&#8243; img_size=&#187;full&#187; add_caption=&#187;yes&#187; css=&#187;&#187;][vc_single_image image=&#187;8287&#8243; img_size=&#187;full&#187; add_caption=&#187;yes&#187;][\/vc_column][\/vc_row][vc_row][vc_column][vc_single_image image=&#187;8261&#8243; img_size=&#187;full&#187; add_caption=&#187;yes&#187; css=&#187;&#187;][vc_single_image image=&#187;8257&#8243; img_size=&#187;full&#187; add_caption=&#187;yes&#187; css=&#187;&#187;][\/vc_column][\/vc_row][vc_row][vc_column width=&#187;1\/2&#8243;][vc_single_image image=&#187;8255&#8243; img_size=&#187;full&#187; add_caption=&#187;yes&#187; onclick=&#187;link_image&#187; css=&#187;&#187;][\/vc_column][vc_column width=&#187;1\/2&#8243;][vc_single_image image=&#187;8254&#8243; img_size=&#187;full&#187; add_caption=&#187;yes&#187; onclick=&#187;link_image&#187; css=&#187;&#187;][\/vc_column][\/vc_row][vc_row][vc_column][vc_separator css=&#187;&#187;][vc_column_text css=&#187;&#187;]<\/p>\n<h3>Silberm\u00f6we, adult, mit Merkmalen der geograf. Var. &#171;omissus&#187; aus dem Baltikum beim Hafen Arbon<\/h3>\n<p>[\/vc_column_text][\/vc_column][\/vc_row][vc_row][vc_column][vc_single_image image=&#187;8250&#8243; img_size=&#187;full&#187; add_caption=&#187;yes&#187; css=&#187;&#187;][\/vc_column][\/vc_row][vc_row][vc_column][vc_column_text css=&#187;&#187;]Die Silberm\u00f6we der Nominatform &#8218;Larus argentatus argentatus&#8216; hat neben den f\u00fcr eine Silberm\u00f6we arttypischen Merkmale wie kompakte, untersetzt wirkende Gestalt, einem sehr hellen Auge, weissen Handschwingen 10- und 5-Spitzen auch &#8218;fleischfarbene&#8216; Beine. <strong>Die im Baltikum vorkommende geografische Variation &#8218;omissus&#8216; hat dagegen gelbe Beine.<\/strong> Sie kommt selten am Bodensee und in der Schweiz vor und kann leicht mit einer Steppen- oder Mittelmeerm\u00f6we verwechselt werden.[\/vc_column_text][\/vc_column][\/vc_row][vc_row][vc_column width=&#187;1\/3&#8243;][vc_single_image image=&#187;8251&#8243; img_size=&#187;full&#187; add_caption=&#187;yes&#187; onclick=&#187;link_image&#187; css=&#187;&#187;][\/vc_column][vc_column width=&#187;1\/3&#8243;][vc_single_image image=&#187;8252&#8243; img_size=&#187;full&#187; add_caption=&#187;yes&#187; onclick=&#187;link_image&#187; css=&#187;&#187;][\/vc_column][vc_column width=&#187;1\/3&#8243;][vc_single_image image=&#187;8253&#8243; img_size=&#187;full&#187; add_caption=&#187;yes&#187; onclick=&#187;link_image&#187; css=&#187;&#187;][\/vc_column][\/vc_row][vc_row][vc_column][vc_message message_box_color=&#187;purple&#187; icon_fontawesome=&#187;fa fa-solid fa-binoculars&#187; css=&#187;&#187;]F\u00fcr detaillierte Bestimmungsmerkmale von M\u00f6wen (mit zahlreichen Abbildungen) siehe unter <strong><a href=\"https:\/\/stephantroesch.ch\/index.php\/swissgulls\/\">Swiss.Gulls.<\/a><\/strong> auf dieser Webseite.[\/vc_message][\/vc_column][\/vc_row]<\/p>\n<\/div>","protected":false},"excerpt":{"rendered":"<p>[vc_row][vc_column][vc_single_image image=&#187;8260&#8243; img_size=&#187;full&#187; add_caption=&#187;yes&#187; css=&#187;&#187;][\/vc_column][\/vc_row][vc_row][vc_column][vc_column_text css=&#187;&#187;] Rund 30 Personen nahmen am 08. Februar 2026 an der Exkursion von BirdLife Thurgau an den Bodensee\u00a0 teil. Mit Ohrentaucher, Rothalstaucher, f\u00fcnf M\u00f6wenarten &amp; Co. gelangen bei angenehmem Wetter spannende Beobachtungen. &#8212; Am Vormittag, vor der Exkursion, gelang im Hafen Arbon noch der Nachweis einer Silberm\u00f6we mit Merkmalen der&hellip;<\/p>\n","protected":false},"author":1,"featured_media":8260,"parent":7176,"menu_order":0,"comment_status":"closed","ping_status":"closed","template":"","meta":{"_acf_changed":false,"footnotes":""},"class_list":["post-8248","page","type-page","status-publish","has-post-thumbnail","hentry"],"acf":[],"_links":{"self":[{"href":"https:\/\/stephantroesch.ch\/index.php\/wp-json\/wp\/v2\/pages\/8248","targetHints":{"allow":["GET"]}}],"collection":[{"href":"https:\/\/stephantroesch.ch\/index.php\/wp-json\/wp\/v2\/pages"}],"about":[{"href":"https:\/\/stephantroesch.ch\/index.php\/wp-json\/wp\/v2\/types\/page"}],"author":[{"embeddable":true,"href":"https:\/\/stephantroesch.ch\/index.php\/wp-json\/wp\/v2\/users\/1"}],"replies":[{"embeddable":true,"href":"https:\/\/stephantroesch.ch\/index.php\/wp-json\/wp\/v2\/comments?post=8248"}],"version-history":[{"count":20,"href":"https:\/\/stephantroesch.ch\/index.php\/wp-json\/wp\/v2\/pages\/8248\/revisions"}],"predecessor-version":[{"id":8295,"href":"https:\/\/stephantroesch.ch\/index.php\/wp-json\/wp\/v2\/pages\/8248\/revisions\/8295"}],"up":[{"embeddable":true,"href":"https:\/\/stephantroesch.ch\/index.php\/wp-json\/wp\/v2\/pages\/7176"}],"wp:featuredmedia":[{"embeddable":true,"href":"https:\/\/stephantroesch.ch\/index.php\/wp-json\/wp\/v2\/media\/8260"}],"wp:attachment":[{"href":"https:\/\/stephantroesch.ch\/index.php\/wp-json\/wp\/v2\/media?parent=8248"}],"curies":[{"name":"wp","href":"https:\/\/api.w.org\/{rel}","templated":true}]}}