{"id":6162,"date":"2021-05-08T21:43:20","date_gmt":"2021-05-08T21:43:20","guid":{"rendered":"https:\/\/stephantroesch.ch\/?post_type=portfolio&#038;p=6162"},"modified":"2025-12-05T22:43:11","modified_gmt":"2025-12-05T22:43:11","slug":"stefania-verita-cellistin","status":"publish","type":"portfolio","link":"https:\/\/stephantroesch.ch\/index.php\/portfolio\/stefania-verita-cellistin\/","title":{"rendered":"Stefania A. Verit\u00e0 &#8212; Cellistin"},"content":{"rendered":"<div class=\"wpb-content-wrapper\"><p>[vc_row][vc_column][vc_masonry_media_grid element_width=&#187;3&#8243; gap=&#187;1&#8243; item=&#187;mediaGrid_Default&#187; grid_id=&#187;vc_gid:1764974231821-367b8ffa-b4a6-0&#8243; include=&#187;6161,6154,6153,6151,6150,6145,6147,6143,6159,6149,6148,6160&#8243;][\/vc_column][\/vc_row][vc_row][vc_column][vc_column_text css=&#187;&#187;]Stefania arbeitet als professionelle Cellistin bei renommierten Orchestern wie z.B. dem Sinfonieorchester St. Gallen, Z\u00fcrcher Kammerorchester oder dem Tonhalleorchester Z\u00fcrich. Zudem ist sie Dozentin am Musikkonservatorium Z\u00fcrich MKZ. Sie begleitet die Flamencot\u00e4nzerin Nina Corti seit mehreren Jahrzehnten bis heute.<\/p>\n<p><span style=\"color: #0000ff;\"><strong>\u2191\u2191<\/strong><\/span> <a href=\"https:\/\/de.stefaniaverita.com\/\">Website Stefania A. Verit\u00e0<\/a> | <span style=\"color: #0000ff;\"><strong>\u2191\u2191<\/strong><\/span> <a href=\"https:\/\/www.facebook.com\/stef.verita\">Facebook Stefania A. Verit\u00e0<\/a>[\/vc_column_text][\/vc_column][\/vc_row]<\/p>\n<\/div>","protected":false},"excerpt":{"rendered":"<p>[vc_row][vc_column][vc_masonry_media_grid element_width=&#187;3&#8243; gap=&#187;1&#8243; item=&#187;mediaGrid_Default&#187; grid_id=&#187;vc_gid:1764974231821-367b8ffa-b4a6-0&#8243; include=&#187;6161,6154,6153,6151,6150,6145,6147,6143,6159,6149,6148,6160&#8243;][\/vc_column][\/vc_row][vc_row][vc_column][vc_column_text css=&#187;&#187;]Stefania arbeitet als professionelle Cellistin bei renommierten Orchestern wie z.B. dem Sinfonieorchester St. Gallen, Z\u00fcrcher Kammerorchester oder dem Tonhalleorchester Z\u00fcrich. Zudem ist sie Dozentin am Musikkonservatorium Z\u00fcrich MKZ. Sie begleitet die Flamencot\u00e4nzerin Nina Corti seit mehreren Jahrzehnten bis heute. \u2191\u2191 Website Stefania A. Verit\u00e0 | \u2191\u2191 Facebook Stefania A.&hellip;<\/p>\n","protected":false},"author":1,"featured_media":6144,"comment_status":"open","ping_status":"closed","template":"","meta":{"_acf_changed":false,"footnotes":""},"portfolio_category":[148],"portfolio_tag":[],"class_list":["post-6162","portfolio","type-portfolio","status-publish","has-post-thumbnail","hentry","portfolio_category-portraits"],"acf":[],"_links":{"self":[{"href":"https:\/\/stephantroesch.ch\/index.php\/wp-json\/wp\/v2\/portfolio\/6162","targetHints":{"allow":["GET"]}}],"collection":[{"href":"https:\/\/stephantroesch.ch\/index.php\/wp-json\/wp\/v2\/portfolio"}],"about":[{"href":"https:\/\/stephantroesch.ch\/index.php\/wp-json\/wp\/v2\/types\/portfolio"}],"author":[{"embeddable":true,"href":"https:\/\/stephantroesch.ch\/index.php\/wp-json\/wp\/v2\/users\/1"}],"replies":[{"embeddable":true,"href":"https:\/\/stephantroesch.ch\/index.php\/wp-json\/wp\/v2\/comments?post=6162"}],"version-history":[{"count":10,"href":"https:\/\/stephantroesch.ch\/index.php\/wp-json\/wp\/v2\/portfolio\/6162\/revisions"}],"predecessor-version":[{"id":7988,"href":"https:\/\/stephantroesch.ch\/index.php\/wp-json\/wp\/v2\/portfolio\/6162\/revisions\/7988"}],"wp:featuredmedia":[{"embeddable":true,"href":"https:\/\/stephantroesch.ch\/index.php\/wp-json\/wp\/v2\/media\/6144"}],"wp:attachment":[{"href":"https:\/\/stephantroesch.ch\/index.php\/wp-json\/wp\/v2\/media?parent=6162"}],"wp:term":[{"taxonomy":"portfolio_category","embeddable":true,"href":"https:\/\/stephantroesch.ch\/index.php\/wp-json\/wp\/v2\/portfolio_category?post=6162"},{"taxonomy":"portfolio_tag","embeddable":true,"href":"https:\/\/stephantroesch.ch\/index.php\/wp-json\/wp\/v2\/portfolio_tag?post=6162"}],"curies":[{"name":"wp","href":"https:\/\/api.w.org\/{rel}","templated":true}]}}

Stefania A. Verità &#8212; Cellistin

<div class="wpb-content-wrapper"><p>[vc_row][vc_column][vc_masonry_media_grid element_width=&#187;3&#8243; gap=&#187;1&#8243; item=&#187;mediaGrid_Default&#187; grid_id=&#187;vc_gid:1764974231821-367b8ffa-b4a6-0&#8243; include=&#187;6161,6154,6153,6151,6150,6145,6147,6143,6159,6149,6148,6160&#8243;][/vc_column][/vc_row][vc_row][vc_column][vc_column_text css=&#187;&#187;]Stefania arbeitet als professionelle Cellistin bei renommierten Orchestern wie z.B. dem Sinfonieorchester St. Gallen, Zürcher Kammerorchester oder dem Tonhalleorchester Zürich. Zudem ist sie Dozentin am Musikkonservatorium Zürich MKZ. Sie begleitet die Flamencotänzerin Nina Corti seit mehreren Jahrzehnten bis heute.</p>
<p><span style="color: #0000ff;"><strong>↑↑</strong></span> <a href="https://de.stefaniaverita.com/">Website Stefania A. Verità</a> | <span style="color: #0000ff;"><strong>↑↑</strong></span> <a href="https://www.facebook.com/stef.verita">Facebook Stefania A. Verità</a>[/vc_column_text][/vc_column][/vc_row]</p>
</div>

<p>[vc_row][vc_column][vc_masonry_media_grid element_width=&#187;3&#8243; gap=&#187;1&#8243; item=&#187;mediaGrid_Default&#187; grid_id=&#187;vc_gid:1764974231821-367b8ffa-b4a6-0&#8243; include=&#187;6161,6154,6153,6151,6150,6145,6147,6143,6159,6149,6148,6160&#8243;][/vc_column][/vc_row][vc_row][vc_column][vc_column_text css=&#187;&#187;]Stefania arbeitet als professionelle Cellistin bei renommierten Orchestern wie z.B. dem Sinfonieorchester St. Gallen, Zürcher Kammerorchester oder dem Tonhalleorchester Zürich. Zudem ist sie Dozentin am Musikkonservatorium Zürich MKZ. Sie begleitet die Flamencotänzerin Nina Corti seit mehreren Jahrzehnten bis heute. ↑↑ Website Stefania A. Verità | ↑↑ Facebook Stefania A.&hellip;</p>
